{"id":25,"date":"2025-06-16T13:08:57","date_gmt":"2025-06-16T11:08:57","guid":{"rendered":"https:\/\/www.control-messe.de\/control-expertdays\/?page_id=25"},"modified":"2026-03-16T14:47:21","modified_gmt":"2026-03-16T13:47:21","slug":"fuer-besucher","status":"publish","type":"page","link":"https:\/\/www.control-messe.de\/control-expertdays\/fuer-besucher\/","title":{"rendered":"f\u00fcr Besucher"},"content":{"rendered":"<div class=\"wpb-content-wrapper\"><p>[vc_row row_height_percent=&#8220;35&#8243; back_image=&#8220;327&#8243; back_position=&#8220;center center&#8220; overlay_alpha=&#8220;50&#8243; gutter_size=&#8220;3&#8243; column_width_percent=&#8220;100&#8243; shift_y=&#8220;0&#8243; z_index=&#8220;0&#8243; content_parallax=&#8220;0&#8243; uncode_shortcode_id=&#8220;141582&#8243; row_height_pixel=&#8220;120&#8243;][vc_column width=&#8220;1\/1&#8243;][\/vc_column][\/vc_row][vc_row][vc_column column_width_percent=&#8220;100&#8243; align_horizontal=&#8220;align_center&#8220; gutter_size=&#8220;3&#8243; overlay_alpha=&#8220;50&#8243; shift_x=&#8220;0&#8243; shift_y=&#8220;0&#8243; shift_y_down=&#8220;0&#8243; z_index=&#8220;0&#8243; medium_width=&#8220;0&#8243; mobile_width=&#8220;0&#8243; width=&#8220;1\/1&#8243; uncode_shortcode_id=&#8220;105660&#8243;][vc_custom_heading heading_semantic=&#8220;h1&#8243; text_size=&#8220;h1&#8243; uncode_shortcode_id=&#8220;705375&#8243;]Treffen Sie die Expertinnen und Experten f\u00fcr Qualit\u00e4tssicherung[\/vc_custom_heading][\/vc_column][\/vc_row][vc_row row_height_percent=&#8220;0&#8243; override_padding=&#8220;yes&#8220; h_padding=&#8220;2&#8243; top_padding=&#8220;2&#8243; bottom_padding=&#8220;0&#8243; overlay_alpha=&#8220;50&#8243; equal_height=&#8220;yes&#8220; gutter_size=&#8220;3&#8243; column_width_percent=&#8220;100&#8243; shift_y=&#8220;0&#8243; z_index=&#8220;0&#8243; uncode_shortcode_id=&#8220;567244&#8243;][vc_column column_width_percent=&#8220;100&#8243; align_horizontal=&#8220;align_center&#8220; gutter_size=&#8220;2&#8243; back_color=&#8220;color-xsdn&#8220; overlay_alpha=&#8220;50&#8243; shift_x=&#8220;0&#8243; shift_y=&#8220;0&#8243; shift_y_down=&#8220;0&#8243; z_index=&#8220;0&#8243; medium_width=&#8220;0&#8243; mobile_width=&#8220;0&#8243; width=&#8220;1\/2&#8243; uncode_shortcode_id=&#8220;929156&#8243; back_color_type=&#8220;uncode-palette&#8220; el_class=&#8220;linked-collumn&#8220; link_to=&#8220;url:%2Fcontrol-expertdays%2Ftickets-kaufen%2F|title:Tickets%20kaufen&#8220;][vc_raw_html]JTNDaW1nJTIwY2xhc3MlM0QlMjJpY29uLWltZy1vdmVydmlldyUyMHRpY2tldCUyMG5vaG92ZXIlMjIlMjBzcmMlM0QlMjIlMkZjb250cm9sLWV4cGVydGRheXMlMkZ3cC1jb250ZW50JTJGdGhlbWVzJTJGdW5jb2RlLWNoaWxkJTJGaW5jbHVkZXMlMkZpbWclMkZ0aWNrZXQtYmx1ZS5zdmclMjIlM0UlMEElM0NpbWclMjBjbGFzcyUzRCUyMmljb24taW1nLW92ZXJ2aWV3JTIwdGlja2V0JTIwaWhvdmVyJTIyJTIwc3JjJTNEJTIyJTJGd3AtY29udGVudCUyRnRoZW1lcyUyRnVuY29kZS1jaGlsZCUyRmluY2x1ZGVzJTJGaW1nJTJGdGlja2V0LnN2ZyUyMiUzRQ==[\/vc_raw_html][vc_custom_heading sub_reduced=&#8220;yes&#8220; uncode_shortcode_id=&#8220;190835&#8243; subheading=&#8220;Alle Informationen zum Kauf Ihres Tickets.&#8220;]Tickets[\/vc_custom_heading][\/vc_column][vc_column column_width_percent=&#8220;100&#8243; align_horizontal=&#8220;align_center&#8220; gutter_size=&#8220;2&#8243; back_color=&#8220;color-xsdn&#8220; overlay_alpha=&#8220;50&#8243; shift_x=&#8220;0&#8243; shift_y=&#8220;0&#8243; shift_y_down=&#8220;0&#8243; z_index=&#8220;0&#8243; medium_width=&#8220;0&#8243; mobile_width=&#8220;0&#8243; width=&#8220;1\/2&#8243; uncode_shortcode_id=&#8220;176598&#8243; back_color_type=&#8220;uncode-palette&#8220; link_to=&#8220;url:%2Fcontrol-expertdays%2Fhallenplaene-anreise-parken%2F|title:Anreise%2C%20Parken%20%26%20Hallenpl%C3%A4ne&#8220; el_class=&#8220;linked-collumn&#8220;][vc_raw_html]JTNDaW1nJTIwY2xhc3MlM0QlMjJpY29uLWltZy1vdmVydmlldyUyMHRpY2tldCUyMG5vaG92ZXIlMjIlMjBzcmMlM0QlMjIlMkZjb250cm9sLWV4cGVydGRheXMlMkZ3cC1jb250ZW50JTJGdGhlbWVzJTJGdW5jb2RlLWNoaWxkJTJGaW5jbHVkZXMlMkZpbWclMkZsb2NhdGlvbi1jaGVjay1ibHVlLnN2ZyUyMiUzRSUwQSUzQ2ltZyUyMGNsYXNzJTNEJTIyaWNvbi1pbWctb3ZlcnZpZXclMjB0aWNrZXQlMjBpaG92ZXIlMjIlMjBzcmMlM0QlMjIlMkZ3cC1jb250ZW50JTJGdGhlbWVzJTJGdW5jb2RlLWNoaWxkJTJGaW5jbHVkZXMlMkZpbWclMkZsb2NhdGlvbi1jaGVjay13aGl0ZS5zdmclMjIlM0U=[\/vc_raw_html][vc_custom_heading sub_reduced=&#8220;yes&#8220; uncode_shortcode_id=&#8220;186245&#8243; subheading=&#8220;Schnelle und unkomplizierte Anreise zur Messe direkt am Stuttgarter Flughafen.&#8220;]Anfahrt &amp; Hallenpl\u00e4ne[\/vc_custom_heading][\/vc_column][\/vc_row][vc_row row_height_percent=&#8220;0&#8243; override_padding=&#8220;yes&#8220; h_padding=&#8220;2&#8243; top_padding=&#8220;2&#8243; bottom_padding=&#8220;3&#8243; overlay_alpha=&#8220;50&#8243; equal_height=&#8220;yes&#8220; gutter_size=&#8220;3&#8243; column_width_percent=&#8220;100&#8243; shift_y=&#8220;0&#8243; z_index=&#8220;0&#8243; uncode_shortcode_id=&#8220;319044&#8243;][vc_column column_width_percent=&#8220;100&#8243; align_horizontal=&#8220;align_center&#8220; gutter_size=&#8220;2&#8243; back_color=&#8220;color-xsdn&#8220; overlay_alpha=&#8220;50&#8243; shift_x=&#8220;0&#8243; shift_y=&#8220;0&#8243; shift_y_down=&#8220;0&#8243; z_index=&#8220;0&#8243; medium_width=&#8220;0&#8243; mobile_width=&#8220;0&#8243; width=&#8220;1\/3&#8243; uncode_shortcode_id=&#8220;103018&#8243; back_color_type=&#8220;uncode-palette&#8220; link_to=&#8220;url:%2Fcontrol-expertdays%2Feventprogramm%2F|title:Eventprogramm&#8220; el_class=&#8220;linked-collumn&#8220;][vc_raw_html]JTNDaW1nJTIwY2xhc3MlM0QlMjJpY29uLWltZy1vdmVydmlldyUyMHRpY2tldCUyMG5vaG92ZXIlMjIlMjBzcmMlM0QlMjIlMkZjb250cm9sLWV4cGVydGRheXMlMkZ3cC1jb250ZW50JTJGdGhlbWVzJTJGdW5jb2RlLWNoaWxkJTJGaW5jbHVkZXMlMkZpbWclMkZ0aWNrZXQtYmx1ZS5zdmclMjIlM0UlMEElM0NpbWclMjBjbGFzcyUzRCUyMmljb24taW1nLW92ZXJ2aWV3JTIwdGlja2V0JTIwaWhvdmVyJTIyJTIwc3JjJTNEJTIyJTJGd3AtY29udGVudCUyRnRoZW1lcyUyRnVuY29kZS1jaGlsZCUyRmluY2x1ZGVzJTJGaW1nJTJGdGlja2V0LnN2ZyUyMiUzRQ==[\/vc_raw_html][vc_custom_heading sub_reduced=&#8220;yes&#8220; uncode_shortcode_id=&#8220;177793&#8243; subheading=&#8220;Planen Sie Ihren perfekten Messetag mit dem hochkar\u00e4tigen und umfangreichen Programm der Control-Expert Days.&#8220;]Eventprogramm[\/vc_custom_heading][\/vc_column][vc_column column_width_percent=&#8220;100&#8243; align_horizontal=&#8220;align_center&#8220; gutter_size=&#8220;2&#8243; back_color=&#8220;color-xsdn&#8220; overlay_alpha=&#8220;50&#8243; shift_x=&#8220;0&#8243; shift_y=&#8220;0&#8243; shift_y_down=&#8220;0&#8243; z_index=&#8220;0&#8243; medium_width=&#8220;0&#8243; mobile_width=&#8220;0&#8243; width=&#8220;1\/3&#8243; uncode_shortcode_id=&#8220;327310&#8243; back_color_type=&#8220;uncode-palette&#8220; el_class=&#8220;linked-collumn&#8220; link_to=&#8220;url:%2Fcontrol-expertdays%2Fausstellerliste%2F|title:Ausstellerverzeichnis&#8220;][vc_raw_html]JTNDaW1nJTIwY2xhc3MlM0QlMjJpY29uLWltZy1vdmVydmlldyUyMHRpY2tldCUyMG5vaG92ZXIlMjIlMjBzcmMlM0QlMjIlMkZjb250cm9sLWV4cGVydGRheXMlMkZ3cC1jb250ZW50JTJGdGhlbWVzJTJGdW5jb2RlLWNoaWxkJTJGaW5jbHVkZXMlMkZpbWclMkZhZGRyZXNzLWJvb2stYmx1ZS5zdmclMjIlM0UlMEElM0NpbWclMjBjbGFzcyUzRCUyMmljb24taW1nLW92ZXJ2aWV3JTIwdGlja2V0JTIwaWhvdmVyJTIyJTIwc3JjJTNEJTIyJTJGd3AtY29udGVudCUyRnRoZW1lcyUyRnVuY29kZS1jaGlsZCUyRmluY2x1ZGVzJTJGaW1nJTJGYWRkcmVzcy1ib29rLXdoaXRlLnN2ZyUyMiUzRQ==[\/vc_raw_html][vc_custom_heading sub_reduced=&#8220;yes&#8220; uncode_shortcode_id=&#8220;672712&#8243; subheading=&#8220;Informieren Sie sich \u00fcber die Vielzahl unserer Messeaussteller.&#8220;]Ausstellerliste[\/vc_custom_heading][\/vc_column][vc_column column_width_percent=&#8220;100&#8243; align_horizontal=&#8220;align_center&#8220; gutter_size=&#8220;2&#8243; back_color=&#8220;color-xsdn&#8220; overlay_alpha=&#8220;50&#8243; shift_x=&#8220;0&#8243; shift_y=&#8220;0&#8243; shift_y_down=&#8220;0&#8243; z_index=&#8220;0&#8243; medium_width=&#8220;0&#8243; mobile_width=&#8220;0&#8243; width=&#8220;1\/3&#8243; uncode_shortcode_id=&#8220;185884&#8243; back_color_type=&#8220;uncode-palette&#8220; link_to=&#8220;url:%2Fcontrol-expertdays%2Fjobboerse%2F|title:Jobb%C3%B6rse&#8220; el_class=&#8220;linked-collumn&#8220;][vc_raw_html]JTNDaW1nJTIwY2xhc3MlM0QlMjJpY29uLWltZy1vdmVydmlldyUyMHRpY2tldCUyMG5vaG92ZXIlMjIlMjBzcmMlM0QlMjIlMkZjb250cm9sLWV4cGVydGRheXMlMkZ3cC1jb250ZW50JTJGdGhlbWVzJTJGdW5jb2RlLWNoaWxkJTJGaW5jbHVkZXMlMkZpbWclMkZwZXJzb24tY2lyY2xlLXBsdXMtYmx1ZS5zdmclMjIlM0UlMEElM0NpbWclMjBjbGFzcyUzRCUyMmljb24taW1nLW92ZXJ2aWV3JTIwdGlja2V0JTIwaWhvdmVyJTIyJTIwc3JjJTNEJTIyJTJGd3AtY29udGVudCUyRnRoZW1lcyUyRnVuY29kZS1jaGlsZCUyRmluY2x1ZGVzJTJGaW1nJTJGcGVyc29uLWNpcmNsZS1wbHVzLnN2ZyUyMiUzRQ==[\/vc_raw_html][vc_custom_heading sub_reduced=&#8220;yes&#8220; uncode_shortcode_id=&#8220;781749&#8243; subheading=&#8220;Sie suchen einen Arbeitsplatz im Bereich Qualit\u00e4tssicherung? Nutzen Sie die Control-Expert Days Jobb\u00f6rse.&#8220;]Jobb\u00f6rse[\/vc_custom_heading][\/vc_column][\/vc_row][vc_row row_height_percent=&#8220;0&#8243; override_padding=&#8220;yes&#8220; h_padding=&#8220;2&#8243; top_padding=&#8220;0&#8243; bottom_padding=&#8220;0&#8243; overlay_alpha=&#8220;50&#8243; equal_height=&#8220;yes&#8220; gutter_size=&#8220;3&#8243; column_width_percent=&#8220;100&#8243; shift_y=&#8220;0&#8243; z_index=&#8220;0&#8243; content_parallax=&#8220;0&#8243; uncode_shortcode_id=&#8220;616430&#8243;][vc_column column_width_percent=&#8220;100&#8243; gutter_size=&#8220;2&#8243; back_color=&#8220;color-xsdn&#8220; overlay_alpha=&#8220;50&#8243; shift_x=&#8220;0&#8243; shift_y=&#8220;0&#8243; shift_y_down=&#8220;0&#8243; z_index=&#8220;0&#8243; medium_width=&#8220;0&#8243; mobile_width=&#8220;0&#8243; width=&#8220;2\/3&#8243; uncode_shortcode_id=&#8220;125493&#8243; back_color_type=&#8220;uncode-palette&#8220;][vc_custom_heading heading_semantic=&#8220;h1&#8243; text_size=&#8220;h1&#8243; uncode_shortcode_id=&#8220;724696&#8243;]Control-Expert Days: Ihr kompaktes Update f\u00fcr Qualit\u00e4tssicherung mit Business-Relevanz[\/vc_custom_heading][vc_column_text uncode_shortcode_id=&#8220;177928&#8243;]Die industrielle Qualit\u00e4tssicherung steht vor einem tiefgreifenden Wandel: Digitalisierung, Automatisierung, KI-gest\u00fctzte Pr\u00fcfsysteme und neue regulatorische Anforderungen ver\u00e4ndern Prozesse, Technologien und Entscheidungsstrukturen nachhaltig.<\/p>\n<p>Die Control-Expert Days 2026 bieten Fachbesuchern ein fokussiertes Zwischenformat zur Weltleitmesse Control 2027 \u2013 mit klarem Fokus auf wirtschaftlich realisierbare QS-L\u00f6sungen und unmittelbare Praxisrelevanz. Eine strukturierte Ausstellung, ein fachlich fundiertes B\u00fchnenprogramm[\/vc_column_text][vc_empty_space empty_h=&#8220;1&#8243;][vc_button button_color=&#8220;accent&#8220; size=&#8220;btn-sm&#8220; border_width=&#8220;0&#8243; display=&#8220;inline&#8220; uncode_shortcode_id=&#8220;575086&#8243; button_color_type=&#8220;uncode-palette&#8220; link=&#8220;url:%2Fcontrol-expertdays%2Fdl%2FControl-Expert_Days_Besucherinformation-DE.pdf|target:_blank&#8220; icon=&#8220;fa fa-file-pdf-o&#8220; el_class=&#8220;besucherflyer&#8220;]Besucherinformationen[\/vc_button][\/vc_column][vc_column column_width_percent=&#8220;100&#8243; gutter_size=&#8220;2&#8243; back_color=&#8220;color-xsdn&#8220; overlay_alpha=&#8220;50&#8243; shift_x=&#8220;0&#8243; shift_y=&#8220;0&#8243; shift_y_down=&#8220;0&#8243; z_index=&#8220;0&#8243; medium_width=&#8220;0&#8243; mobile_width=&#8220;0&#8243; width=&#8220;1\/3&#8243; uncode_shortcode_id=&#8220;175217&#8243; back_color_type=&#8220;uncode-palette&#8220; el_class=&#8220;roundborderbg&#8220;][vc_custom_heading uncode_shortcode_id=&#8220;477387&#8243;]\u00d6ffnungszeiten der Messe[\/vc_custom_heading][vc_column_text uncode_shortcode_id=&#8220;193512&#8243;]Mittwoch, 20. bis Donnerstag, 21. Mai 2026<br \/>\n9.00 \u2013 17.00 Uhr[\/vc_column_text][vc_empty_space empty_h=&#8220;1&#8243;][vc_custom_heading uncode_shortcode_id=&#8220;180011&#8243;]Nomenklatur[\/vc_custom_heading][uncode_list uncode_shortcode_id=&#8220;169870&#8243;]<\/p>\n<ul>\n<li>Messtechnik<\/li>\n<li>Werkstoffpr\u00fcfung<\/li>\n<li>Analyseger\u00e4te<\/li>\n<li>Optoelektronik<\/li>\n<li>QS-Systeme \/ Service<\/li>\n<\/ul>\n<p>[\/uncode_list][vc_button button_color=&#8220;color-819099&#8243; size=&#8220;btn-sm&#8220; wide=&#8220;yes&#8220; outline=&#8220;yes&#8220; border_width=&#8220;0&#8243; uncode_shortcode_id=&#8220;967096&#8243; button_color_type=&#8220;uncode-palette&#8220; icon=&#8220;fa fa-file-pdf-o&#8220; link=&#8220;url:%2Fcontrol-expertdays%2Fdl%2FNomenklatur_DE_EN.pdf|target:_blank&#8220;]Nomenklatur und Produktklassifikation[\/vc_button][\/vc_column][\/vc_row][vc_row row_height_percent=&#8220;0&#8243; override_padding=&#8220;yes&#8220; h_padding=&#8220;2&#8243; top_padding=&#8220;0&#8243; bottom_padding=&#8220;0&#8243; overlay_alpha=&#8220;50&#8243; equal_height=&#8220;yes&#8220; gutter_size=&#8220;3&#8243; column_width_percent=&#8220;100&#8243; shift_y=&#8220;0&#8243; z_index=&#8220;0&#8243; content_parallax=&#8220;0&#8243; uncode_shortcode_id=&#8220;210469&#8243; el_class=&#8220;hidden&#8220;][vc_column column_width_percent=&#8220;100&#8243; gutter_size=&#8220;2&#8243; back_color=&#8220;color-xsdn&#8220; overlay_alpha=&#8220;50&#8243; shift_x=&#8220;0&#8243; shift_y=&#8220;0&#8243; shift_y_down=&#8220;0&#8243; z_index=&#8220;0&#8243; medium_width=&#8220;0&#8243; mobile_width=&#8220;0&#8243; width=&#8220;2\/3&#8243; uncode_shortcode_id=&#8220;125493&#8243; back_color_type=&#8220;uncode-palette&#8220;][vc_custom_heading heading_semantic=&#8220;h1&#8243; text_size=&#8220;h1&#8243; uncode_shortcode_id=&#8220;282038&#8243;]Control-Expert Days: Ihr kompaktes Update f\u00fcr Qualit\u00e4tssicherung mit Business-Relevanz[\/vc_custom_heading][vc_column_text uncode_shortcode_id=&#8220;146195&#8243;]Die industrielle Qualit\u00e4tssicherung steht vor einem tiefgreifenden Wandel: Digitalisierung, Automatisierung, KI-gest\u00fctzte Pr\u00fcfsysteme und neue regulatorische Anforderungen ver\u00e4ndern Prozesse, Technologien und Entscheidungsstrukturen nachhaltig.<\/p>\n<p>Die Control-Expert Days 2026 bieten Fachbesuchern ein fokussiertes Zwischenformat zur Weltleitmesse Control 2027 \u2013 mit klarem Fokus auf wirtschaftlich realisierbare QS-L\u00f6sungen und unmittelbare Praxisrelevanz. Eine strukturierte Ausstellung, ein fachlich fundiertes B\u00fchnenprogramm[\/vc_column_text][vc_empty_space empty_h=&#8220;1&#8243;][vc_button button_color=&#8220;accent&#8220; size=&#8220;btn-sm&#8220; border_width=&#8220;0&#8243; display=&#8220;inline&#8220; uncode_shortcode_id=&#8220;489875&#8243; button_color_type=&#8220;uncode-palette&#8220; link=&#8220;url:%2Fdl%2FControl-Expert_Days_Besucherinformation-DE.pdf|target:_blank&#8220; icon=&#8220;fa fa-file-pdf-o&#8220; el_class=&#8220;besucherflyer&#8220;]Besucherflyer 2026[\/vc_button][\/vc_column][vc_column column_width_percent=&#8220;100&#8243; gutter_size=&#8220;2&#8243; back_color=&#8220;color-xsdn&#8220; overlay_alpha=&#8220;50&#8243; shift_x=&#8220;0&#8243; shift_y=&#8220;0&#8243; shift_y_down=&#8220;0&#8243; z_index=&#8220;0&#8243; medium_width=&#8220;0&#8243; mobile_width=&#8220;0&#8243; width=&#8220;1\/3&#8243; uncode_shortcode_id=&#8220;175217&#8243; back_color_type=&#8220;uncode-palette&#8220; el_class=&#8220;roundborderbg&#8220;][vc_custom_heading uncode_shortcode_id=&#8220;180011&#8243;]Nomenklatur[\/vc_custom_heading][uncode_list uncode_shortcode_id=&#8220;169870&#8243;]<\/p>\n<ul>\n<li>Messtechnik<\/li>\n<li>Werkstoffpr\u00fcfung<\/li>\n<li>Analyseger\u00e4te<\/li>\n<li>Optoelektronik<\/li>\n<li>QS-Systeme \/ Service<\/li>\n<\/ul>\n<p>[\/uncode_list][vc_button button_color=&#8220;color-819099&#8243; size=&#8220;btn-sm&#8220; wide=&#8220;yes&#8220; outline=&#8220;yes&#8220; border_width=&#8220;0&#8243; uncode_shortcode_id=&#8220;391304&#8243; button_color_type=&#8220;uncode-palette&#8220; icon=&#8220;fa fa-file-pdf-o&#8220; link=&#8220;url:%2Fdl%2FNomenklatur_DE_EN.pdf|target:_blank&#8220;]Nomenklatur und Produktklassifikation[\/vc_button][\/vc_column][\/vc_row][vc_row row_height_percent=&#8220;0&#8243; override_padding=&#8220;yes&#8220; h_padding=&#8220;2&#8243; top_padding=&#8220;2&#8243; bottom_padding=&#8220;0&#8243; overlay_alpha=&#8220;50&#8243; equal_height=&#8220;yes&#8220; gutter_size=&#8220;3&#8243; column_width_percent=&#8220;100&#8243; shift_y=&#8220;0&#8243; z_index=&#8220;0&#8243; uncode_shortcode_id=&#8220;110137&#8243; row_name=&#8220;aussteller-downloads&#8220;][vc_column column_width_percent=&#8220;100&#8243; gutter_size=&#8220;2&#8243; back_color=&#8220;color-xsdn&#8220; overlay_alpha=&#8220;50&#8243; shift_x=&#8220;0&#8243; shift_y=&#8220;0&#8243; shift_y_down=&#8220;0&#8243; z_index=&#8220;0&#8243; medium_width=&#8220;0&#8243; mobile_width=&#8220;0&#8243; width=&#8220;1\/2&#8243; uncode_shortcode_id=&#8220;143921&#8243; el_class=&#8220;roundborderbg&#8220; back_color_type=&#8220;uncode-palette&#8220;][vc_single_image media=&#8220;750&#8243; media_width_percent=&#8220;100&#8243; uncode_shortcode_id=&#8220;439810&#8243;][\/vc_column][vc_column column_width_percent=&#8220;100&#8243; gutter_size=&#8220;2&#8243; back_color=&#8220;color-xsdn&#8220; overlay_alpha=&#8220;50&#8243; shift_x=&#8220;0&#8243; shift_y=&#8220;0&#8243; shift_y_down=&#8220;0&#8243; z_index=&#8220;0&#8243; medium_width=&#8220;0&#8243; mobile_width=&#8220;0&#8243; width=&#8220;1\/2&#8243; uncode_shortcode_id=&#8220;106118&#8243; back_color_type=&#8220;uncode-palette&#8220; el_class=&#8220;reasons&#8220;][vc_custom_heading uncode_shortcode_id=&#8220;213986&#8243;]4+1 Gr\u00fcnde, die Control-Expert Days live zu erleben![\/vc_custom_heading][uncode_list uncode_shortcode_id=&#8220;202156&#8243;]<\/p>\n<ol>\n<li>2 Tage exklusives Expertentreffen der QS-Branche<\/li>\n<li>2 Tage Branchen-News und Top-Technologien kompakt auf den Punkt<\/li>\n<li>2 Tage Business, Kommunikation und Networking auf Top-Niveau<\/li>\n<li>2 Tage Mehrwert durch Wissenstransfer mit Fokus auf Effizienz und Nutzen<\/li>\n<li>2 Tage im Zentrum: verkehrsg\u00fcnstig gelegener Standort mit international, national und regional einzigartiger Anbindung<\/li>\n<\/ol>\n<p>[\/uncode_list][\/vc_column][\/vc_row][vc_row row_height_percent=&#8220;0&#8243; overlay_alpha=&#8220;50&#8243; gutter_size=&#8220;3&#8243; column_width_percent=&#8220;100&#8243; shift_y=&#8220;0&#8243; z_index=&#8220;0&#8243; uncode_shortcode_id=&#8220;192175&#8243;][vc_column column_width_percent=&#8220;100&#8243; gutter_size=&#8220;2&#8243; overlay_alpha=&#8220;50&#8243; shift_x=&#8220;0&#8243; shift_y=&#8220;0&#8243; shift_y_down=&#8220;0&#8243; z_index=&#8220;0&#8243; medium_width=&#8220;0&#8243; mobile_width=&#8220;0&#8243; width=&#8220;1\/1&#8243; uncode_shortcode_id=&#8220;747176&#8243;][vc_custom_heading uncode_shortcode_id=&#8220;378625&#8243;]Control-Expert Days Specials[\/vc_custom_heading][uncode_index el_id=&#8220;index-2102235785e27&#8243; index_type=&#8220;carousel&#8220; loop=&#8220;size:All|order_by:date|order:DESC|post_type:specials|taxonomy_count:10&#8243; carousel_lg=&#8220;3&#8243; carousel_md=&#8220;3&#8243; carousel_sm=&#8220;2&#8243; thumb_size=&#8220;twentyone-nine&#8220; gutter_size=&#8220;3&#8243; specials_items=&#8220;media|featured|onpost|original,title,link|link|default_size|Mehr Informationen&#8220; carousel_height=&#8220;equal&#8220; carousel_interval=&#8220;0&#8243; carousel_navspeed=&#8220;400&#8243; carousel_nav_mobile=&#8220;yes&#8220; stage_padding=&#8220;0&#8243; single_back_color=&#8220;color-xsdn&#8220; single_overlay_opacity=&#8220;50&#8243; single_overlay_anim=&#8220;no&#8220; single_text_anim=&#8220;no&#8220; single_padding=&#8220;1&#8243; single_text_reduced=&#8220;yes&#8220; single_title_dimension=&#8220;h4&#8243; single_shadow=&#8220;yes&#8220; single_border=&#8220;yes&#8220; uncode_shortcode_id=&#8220;412128&#8243; el_class=&#8220;special-posts-row&#8220;][\/vc_column][\/vc_row]<\/p>\n<\/div>","protected":false},"excerpt":{"rendered":"<p>[vc_row row_height_percent=&#8220;35&#8243; back_image=&#8220;327&#8243; back_position=&#8220;center center&#8220; overlay_alpha=&#8220;50&#8243; gutter_size=&#8220;3&#8243; column_width_percent=&#8220;100&#8243; shift_y=&#8220;0&#8243; z_index=&#8220;0&#8243; content_parallax=&#8220;0&#8243; uncode_shortcode_id=&#8220;141582&#8243; row_height_pixel=&#8220;120&#8243;][vc_column width=&#8220;1\/1&#8243;][\/vc_column][\/vc_row][vc_row][vc_column column_width_percent=&#8220;100&#8243; align_horizontal=&#8220;align_center&#8220; gutter_size=&#8220;3&#8243; overlay_alpha=&#8220;50&#8243; shift_x=&#8220;0&#8243; shift_y=&#8220;0&#8243; [&hellip;]<\/p>\n","protected":false},"author":1,"featured_media":0,"parent":0,"menu_order":0,"comment_status":"closed","ping_status":"closed","template":"","meta":{"footnotes":""},"class_list":["post-25","page","type-page","status-publish","hentry"],"_links":{"self":[{"href":"https:\/\/www.control-messe.de\/control-expertdays\/wp-json\/wp\/v2\/pages\/25","targetHints":{"allow":["GET"]}}],"collection":[{"href":"https:\/\/www.control-messe.de\/control-expertdays\/wp-json\/wp\/v2\/pages"}],"about":[{"href":"https:\/\/www.control-messe.de\/control-expertdays\/wp-json\/wp\/v2\/types\/page"}],"author":[{"embeddable":true,"href":"https:\/\/www.control-messe.de\/control-expertdays\/wp-json\/wp\/v2\/users\/1"}],"replies":[{"embeddable":true,"href":"https:\/\/www.control-messe.de\/control-expertdays\/wp-json\/wp\/v2\/comments?post=25"}],"version-history":[{"count":18,"href":"https:\/\/www.control-messe.de\/control-expertdays\/wp-json\/wp\/v2\/pages\/25\/revisions"}],"predecessor-version":[{"id":1033,"href":"https:\/\/www.control-messe.de\/control-expertdays\/wp-json\/wp\/v2\/pages\/25\/revisions\/1033"}],"wp:attachment":[{"href":"https:\/\/www.control-messe.de\/control-expertdays\/wp-json\/wp\/v2\/media?parent=25"}],"curies":[{"name":"wp","href":"https:\/\/api.w.org\/{rel}","templated":true}]}}