{"id":1014,"date":"2026-03-12T07:00:18","date_gmt":"2026-03-12T06:00:18","guid":{"rendered":"https:\/\/www.control-messe.de\/control-expertdays\/?post_type=specials&#038;p=1014"},"modified":"2026-03-12T11:43:02","modified_gmt":"2026-03-12T10:43:02","slug":"praxisrelevante-fachinformationen-auf-den-control-expert-days-2026","status":"publish","type":"specials","link":"https:\/\/www.control-messe.de\/control-expertdays\/specials\/praxisrelevante-fachinformationen-auf-den-control-expert-days-2026\/","title":{"rendered":"Praxisrelevante Fachinformationen auf den Control Expert Days 2026"},"content":{"rendered":"<div class=\"wpb-content-wrapper\"><p>[vc_row][vc_column column_width_use_pixel=&#8220;yes&#8220; gutter_size=&#8220;3&#8243; overlay_alpha=&#8220;50&#8243; shift_x=&#8220;0&#8243; shift_y=&#8220;0&#8243; shift_y_down=&#8220;0&#8243; z_index=&#8220;0&#8243; medium_width=&#8220;0&#8243; mobile_width=&#8220;0&#8243; width=&#8220;1\/1&#8243; uncode_shortcode_id=&#8220;413347&#8243; column_width_pixel=&#8220;720&#8243;][vc_empty_space empty_h=&#8220;1&#8243;][vc_column_text uncode_shortcode_id=&#8220;753907&#8243;]<em>Die QS-Expertencommunity freut sich auf die Control Expert Days vom 20. bis 21.05.2026 in Stuttgart. Die neu ins Leben gerufene Fachveranstaltung begleitet und erg\u00e4nzt die Control, internationale Fachmesse f\u00fcr Qualit\u00e4tssicherung, die im Zweijahresturnus 2027 wieder stattfinden wird. Die Control Expert Days punkten mit Fachreferaten, Impulsvortr\u00e4gen, Podiumsdiskussionen und einem abwechslungsreichen Networking. In diesem Jahr stehen die beiden Themen Nachhaltigkeit und KI im Mittelpunkt. <\/em><\/p>\n<p>Die Control Expert Days am 20. und 21.05.2026 in Stuttgart sto\u00dfen auf gro\u00dfes Interesse bei Herstellern und Anwendern von QS-Technologien. Gut zwei Monate vor dem Branchenevent f\u00fcllt sich das Programm an beiden Veranstaltungstagen und verspricht einen hohen Nutzwert f\u00fcr alle Beteiligten. Denn die inhaltlichen Schwerpunkte geh\u00f6ren zu den topaktuellen Themen bei produzierenden und nichtproduzierenden Unternehmen. Die \u00dcberschrift des ersten Tages der Fachveranstaltung lautet \u201eQualit\u00e4tsmanagement plus Nachhaltigkeit: Wie Sie Ihre QM-Abteilung zukunftsf\u00e4hig aufstellen\u201c. Dieses Thema ist hochrelevant, weil diverse QS-Ma\u00dfnahmen direkt auf Fehlervermeidung, Verschwendung, Prozesseffizienz, Ressourcenschonung und Kosteneinsparung wirken. \u00dcber den Tag verteilt referieren QS-Experten aus verschiedenen Unternehmen, darunter beispielsweise \u00fcber den Laser-Ultraschall zur Inline-Pr\u00fcfung interner Defekte in der Produktion, \u00fcber clevere Datenanalyse sowie \u00fcber modernes Pr\u00fcfprozessmanagement. Die Veranstaltungsteilnehmer freuen sich auf den Impulsvortrag von Dipl.-Ing. Michael Salamon vom Fraunhofer-Institut f\u00fcr Integrierte Schaltungen IIS in F\u00fcrth, Entwicklungszentrum R\u00f6ntgentechnik, zum Thema \u201eR\u00f6ntgentechnik der Zukunft \u2013 Nachhaltigkeit in der Qualit\u00e4tssicherung und im Consumerbereich\u201c. Nicht zuletzt wird auch die moderierte Podiumsdiskussion mit dem Thema \u201eQualit\u00e4tsmanagement plus Nachhaltigkeit\u201c mit Spannung erwartet.[\/vc_column_text][vc_custom_heading text_size=&#8220;h4&#8243; uncode_shortcode_id=&#8220;125023&#8243;]Impulsreferate, Diskussionsrunden und Best-Practice-Beispiele[\/vc_custom_heading][vc_column_text uncode_shortcode_id=&#8220;146564&#8243;]Der zweite Tag der Control Expert Days er\u00f6rtert Antworten auf die Frage \u201eKI in der Qualit\u00e4tssicherung: Wie weit sind wir?\u201c Wo hilft KI in der QS bereits wirklich, und bei welchen Anwendungen wird es noch dauern, bis KI zum Einsatz kommt und QS auf Zuruf erledigt? Es geht unter anderem auch um das Vertrauen in die KI und deren Ergebniszuverl\u00e4ssigkeit. Hierzu wird der der Impulsvortrag von Dr. Henrike Stephani vom Fraunhofer-Institut f\u00fcr Techno- und Wirtschaftsmathematik (ITWM) unter der \u00dcberschrift \u201eKI in der Qualit\u00e4tskontrolle \u2013 Chancen und Herausforderungen im industriellen Einsatz\u201d mit Spannung erwartet. Konkrete Informationen und wertvolle Denkanst\u00f6\u00dfe werden auch die Unternehmensreferate vermitteln, die sich unter anderem mit der smarten Qualit\u00e4tskontrolle durch Sensorfusion befassen, mit integrierten Managementsystemen in der Praxis sowie Einblicke darin geben, wie AR und KI die visuelle Qualit\u00e4tskontrolle optimieren k\u00f6nnen. Auch der zweite Tag endet schlie\u00dflich mit einem spannenden Control-Expert-Days-Talk im Rahmen einer moderieren Podiumsdiskussion, die das Tagesthema behandelt.[\/vc_column_text][vc_custom_heading text_size=&#8220;h4&#8243; uncode_shortcode_id=&#8220;292694&#8243;]Zwei Tage Business und Kommunikation auf Top-Niveau[\/vc_custom_heading][vc_column_text uncode_shortcode_id=&#8220;139157&#8243;]Wie eng Qualit\u00e4tssicherung, Innovation und nachhaltiges Wirtschaften miteinander verbunden sind, betont auch Guido Nilgen, Director Quality Management\/Technology Center Drives bei Miele. QS werde durch Predictive Quality in der Praxis zum echten Treiber nachhaltiger Wertsch\u00f6pfung. \u201eDurch den Einsatz von KI k\u00f6nnen wir in der Analyse von Qualit\u00e4ts-, Prozess- und Nutzungsdaten nun auch prognostizierend in die Zukunft schauen\u201c, erl\u00e4utert Guido Nilgen, der am ersten Tag der Control Expert Days an der Podiumsdiskussion teilnehmen und Erfahrungen aus der Praxis einbringen wird.<\/p>\n<p>\u201eWir erwarten \u00e4u\u00dfert spannende Veranstaltungstage\u201c, sagt Fabian Kr\u00fcger, Projektleiter beim Messeveranstalter P. E. Schall. \u201eDenn das neue messebegleitende QS-Branchenevent verbindet verschiedene Kommunikationsformate, bei denen praxisrelevante Aspekte ausgetauscht werden. Wir wollen neue Impulse daf\u00fcr gewinnen, wie unterschiedliche QS-Ma\u00dfnahmen nachhaltiges Produzieren und kosteneffizientes Wirtschaften unterst\u00fctzen. Denn f\u00fcr alle Unternehmen geht es derzeit darum, schneller, besser und g\u00fcnstiger zu werden \u2013 dazu z\u00e4hlt auch, Ausschuss zu reduzieren, Verschwendung zu vermeiden und Strukturen bei Arbeitsabl\u00e4ufen und Fertigungsprozessen zu optimieren. Teilnehmer der Control Expert Days d\u00fcrfen hier wertvolle Informationen und einen hohen Praxisnutzen erwarten.\u201c[\/vc_column_text][vc_custom_heading text_size=&#8220;h4&#8243; uncode_shortcode_id=&#8220;202477&#8243;]Wissenstransfer mit Fokus auf Kompaktheit und Nutzen[\/vc_custom_heading][vc_column_text uncode_shortcode_id=&#8220;346276&#8243;]Kompaktheit, Effizienz und hohe fachliche Relevanz sind die zentralen Merkmale dieses neuen messebegleitenden Formats. Die Control Expert Days 2026 finden von 20. bis 21. Mai 2026 jeweils von 09.00 Uhr bis 17.00 Uhr statt. Veranstaltungsort ist die Halle 9 des Stuttgarter Messegel\u00e4ndes am Eingang West. Teilnehmer und Fachbesucher profitieren von der einfach erreichbaren Lage am Flughafen Stuttgart, unmittelbar an der Autobahn und perfekt angebunden an den \u00f6ffentlichen Nahverkehr. [\/vc_column_text][vc_custom_heading text_size=&#8220;h4&#8243; uncode_shortcode_id=&#8220;144601&#8243;]Bleiben Sie informiert![\/vc_custom_heading][vc_column_text uncode_shortcode_id=&#8220;153029&#8243;]<strong>Zur Webseite: <\/strong><a href=\"https:\/\/www.control-messe.de\/control-expertdays\/\">Control-Expert Days<\/a><br \/>\n<strong>Fachinformationen zu Messe und Branche: <\/strong><a href=\"https:\/\/www.control-messe.de\/control-expertdays\/news-stories\/\">control-messe.de\/control-expertdays\/news-stories<\/a><br \/>\n<strong>Melden Sie sich an zum Newsletter: <\/strong><a href=\"https:\/\/www.control-messe.de\/control-expertdays\/#newsletter\">control-messe.de\/control-expertdays\/#newsletter<\/a><br \/>\n<strong>Folgen Sie uns auf Linkedin: <\/strong><a href=\"https:\/\/www.linkedin.com\/showcase\/control-expertdays \" target=\"_blank\" rel=\"noopener\">linkedin.com\/showcase\/control-expertdays <\/a>[\/vc_column_text][vc_custom_heading text_size=&#8220;h4&#8243; uncode_shortcode_id=&#8220;146717&#8243;]<em>64 Jahre Messen f\u00fcr M\u00e4rkte \u2013 Das Erfolgsrezept der Schall-Messen<\/em>[\/vc_custom_heading][vc_column_text uncode_shortcode_id=&#8220;211691&#8243;]<em>Mit den international anerkannten Fachmessen f\u00fcr Qualit\u00e4tssicherung (Control), optische Technologien, Komponenten und Systeme (Optatec), Stanztechnik (Stanztec), Produktions- und Montageautomatisierung (Motek), Klebtechnologie (Bondexpo), Kunststoffverarbeitung (Fakuma) sowie Blechbearbeitung (Blechexpo) und F\u00fcgetechnologie (Schweisstec) hat Schall erfolgreiche Business-Plattformen entwickelt. Daraus entstanden in verschiedenen Branchen ganz neue M\u00e4rkte, deren Protagonisten sich durch eine hohe Innovationskraft, umfassende Systemkompetenz und praxisgerechte Anwendungsl\u00f6sungen auszeichnen.<\/em>[\/vc_column_text][\/vc_column][\/vc_row]<\/p>\n<\/div>","protected":false},"excerpt":{"rendered":"<p>Die QS-Expertencommunity freut sich auf die Control Expert Days vom 20. bis 21.05.2026 in Stuttgart. Die neu ins Leben gerufene Fachveranstaltung begleitet und erg\u00e4nzt die Control, internationale Fachmesse f\u00fcr Qualit\u00e4tssicherung, die im Zweijahresturnus 2027 wieder stattfinden wird. Die Control Expert Days punkten mit Fachreferaten, Impulsvortr\u00e4gen, Podiumsdiskussionen und einem abwechslungsreichen Networking. In diesem Jahr stehen die beiden Themen Nachhaltigkeit und KI im Mittelpunkt. <\/p>\n","protected":false},"author":1,"featured_media":1028,"comment_status":"closed","ping_status":"closed","template":"","meta":{"footnotes":""},"categories":[14],"class_list":["post-1014","specials","type-specials","status-publish","has-post-thumbnail","hentry","category-presse"],"_links":{"self":[{"href":"https:\/\/www.control-messe.de\/control-expertdays\/wp-json\/wp\/v2\/specials\/1014","targetHints":{"allow":["GET"]}}],"collection":[{"href":"https:\/\/www.control-messe.de\/control-expertdays\/wp-json\/wp\/v2\/specials"}],"about":[{"href":"https:\/\/www.control-messe.de\/control-expertdays\/wp-json\/wp\/v2\/types\/specials"}],"author":[{"embeddable":true,"href":"https:\/\/www.control-messe.de\/control-expertdays\/wp-json\/wp\/v2\/users\/1"}],"replies":[{"embeddable":true,"href":"https:\/\/www.control-messe.de\/control-expertdays\/wp-json\/wp\/v2\/comments?post=1014"}],"version-history":[{"count":4,"href":"https:\/\/www.control-messe.de\/control-expertdays\/wp-json\/wp\/v2\/specials\/1014\/revisions"}],"predecessor-version":[{"id":1027,"href":"https:\/\/www.control-messe.de\/control-expertdays\/wp-json\/wp\/v2\/specials\/1014\/revisions\/1027"}],"wp:featuredmedia":[{"embeddable":true,"href":"https:\/\/www.control-messe.de\/control-expertdays\/wp-json\/wp\/v2\/media\/1028"}],"wp:attachment":[{"href":"https:\/\/www.control-messe.de\/control-expertdays\/wp-json\/wp\/v2\/media?parent=1014"}],"wp:term":[{"taxonomy":"category","embeddable":true,"href":"https:\/\/www.control-messe.de\/control-expertdays\/wp-json\/wp\/v2\/categories?post=1014"}],"curies":[{"name":"wp","href":"https:\/\/api.w.org\/{rel}","templated":true}]}}

<div class="wpb-content-wrapper"><p>[vc_row][vc_column column_width_use_pixel=&#8220;yes&#8220; gutter_size=&#8220;3&#8243; overlay_alpha=&#8220;50&#8243; shift_x=&#8220;0&#8243; shift_y=&#8220;0&#8243; shift_y_down=&#8220;0&#8243; z_index=&#8220;0&#8243; medium_width=&#8220;0&#8243; mobile_width=&#8220;0&#8243; width=&#8220;1/1&#8243; uncode_shortcode_id=&#8220;413347&#8243; column_width_pixel=&#8220;720&#8243;][vc_empty_space empty_h=&#8220;1&#8243;][vc_column_text uncode_shortcode_id=&#8220;753907&#8243;]<em>Die QS-Expertencommunity freut sich auf die Control Expert Days vom 20. bis 21.05.2026 in Stuttgart. Die neu ins Leben gerufene Fachveranstaltung begleitet und ergänzt die Control, internationale Fachmesse für Qualitätssicherung, die im Zweijahresturnus 2027 wieder stattfinden wird. Die Control Expert Days punkten mit Fachreferaten, Impulsvorträgen, Podiumsdiskussionen und einem abwechslungsreichen Networking. In diesem Jahr stehen die beiden Themen Nachhaltigkeit und KI im Mittelpunkt. </em></p>
<p>Die Control Expert Days am 20. und 21.05.2026 in Stuttgart stoßen auf großes Interesse bei Herstellern und Anwendern von QS-Technologien. Gut zwei Monate vor dem Branchenevent füllt sich das Programm an beiden Veranstaltungstagen und verspricht einen hohen Nutzwert für alle Beteiligten. Denn die inhaltlichen Schwerpunkte gehören zu den topaktuellen Themen bei produzierenden und nichtproduzierenden Unternehmen. Die Überschrift des ersten Tages der Fachveranstaltung lautet „Qualitätsmanagement plus Nachhaltigkeit: Wie Sie Ihre QM-Abteilung zukunftsfähig aufstellen“. Dieses Thema ist hochrelevant, weil diverse QS-Maßnahmen direkt auf Fehlervermeidung, Verschwendung, Prozesseffizienz, Ressourcenschonung und Kosteneinsparung wirken. Über den Tag verteilt referieren QS-Experten aus verschiedenen Unternehmen, darunter beispielsweise über den Laser-Ultraschall zur Inline-Prüfung interner Defekte in der Produktion, über clevere Datenanalyse sowie über modernes Prüfprozessmanagement. Die Veranstaltungsteilnehmer freuen sich auf den Impulsvortrag von Dipl.-Ing. Michael Salamon vom Fraunhofer-Institut für Integrierte Schaltungen IIS in Fürth, Entwicklungszentrum Röntgentechnik, zum Thema „Röntgentechnik der Zukunft – Nachhaltigkeit in der Qualitätssicherung und im Consumerbereich“. Nicht zuletzt wird auch die moderierte Podiumsdiskussion mit dem Thema „Qualitätsmanagement plus Nachhaltigkeit“ mit Spannung erwartet.[/vc_column_text][vc_custom_heading text_size=&#8220;h4&#8243; uncode_shortcode_id=&#8220;125023&#8243;]Impulsreferate, Diskussionsrunden und Best-Practice-Beispiele[/vc_custom_heading][vc_column_text uncode_shortcode_id=&#8220;146564&#8243;]Der zweite Tag der Control Expert Days erörtert Antworten auf die Frage „KI in der Qualitätssicherung: Wie weit sind wir?“ Wo hilft KI in der QS bereits wirklich, und bei welchen Anwendungen wird es noch dauern, bis KI zum Einsatz kommt und QS auf Zuruf erledigt? Es geht unter anderem auch um das Vertrauen in die KI und deren Ergebniszuverlässigkeit. Hierzu wird der der Impulsvortrag von Dr. Henrike Stephani vom Fraunhofer-Institut für Techno- und Wirtschaftsmathematik (ITWM) unter der Überschrift „KI in der Qualitätskontrolle – Chancen und Herausforderungen im industriellen Einsatz” mit Spannung erwartet. Konkrete Informationen und wertvolle Denkanstöße werden auch die Unternehmensreferate vermitteln, die sich unter anderem mit der smarten Qualitätskontrolle durch Sensorfusion befassen, mit integrierten Managementsystemen in der Praxis sowie Einblicke darin geben, wie AR und KI die visuelle Qualitätskontrolle optimieren können. Auch der zweite Tag endet schließlich mit einem spannenden Control-Expert-Days-Talk im Rahmen einer moderieren Podiumsdiskussion, die das Tagesthema behandelt.[/vc_column_text][vc_custom_heading text_size=&#8220;h4&#8243; uncode_shortcode_id=&#8220;292694&#8243;]Zwei Tage Business und Kommunikation auf Top-Niveau[/vc_custom_heading][vc_column_text uncode_shortcode_id=&#8220;139157&#8243;]Wie eng Qualitätssicherung, Innovation und nachhaltiges Wirtschaften miteinander verbunden sind, betont auch Guido Nilgen, Director Quality Management/Technology Center Drives bei Miele. QS werde durch Predictive Quality in der Praxis zum echten Treiber nachhaltiger Wertschöpfung. „Durch den Einsatz von KI können wir in der Analyse von Qualitäts-, Prozess- und Nutzungsdaten nun auch prognostizierend in die Zukunft schauen“, erläutert Guido Nilgen, der am ersten Tag der Control Expert Days an der Podiumsdiskussion teilnehmen und Erfahrungen aus der Praxis einbringen wird.</p>
<p>„Wir erwarten äußert spannende Veranstaltungstage“, sagt Fabian Krüger, Projektleiter beim Messeveranstalter P. E. Schall. „Denn das neue messebegleitende QS-Branchenevent verbindet verschiedene Kommunikationsformate, bei denen praxisrelevante Aspekte ausgetauscht werden. Wir wollen neue Impulse dafür gewinnen, wie unterschiedliche QS-Maßnahmen nachhaltiges Produzieren und kosteneffizientes Wirtschaften unterstützen. Denn für alle Unternehmen geht es derzeit darum, schneller, besser und günstiger zu werden – dazu zählt auch, Ausschuss zu reduzieren, Verschwendung zu vermeiden und Strukturen bei Arbeitsabläufen und Fertigungsprozessen zu optimieren. Teilnehmer der Control Expert Days dürfen hier wertvolle Informationen und einen hohen Praxisnutzen erwarten.“[/vc_column_text][vc_custom_heading text_size=&#8220;h4&#8243; uncode_shortcode_id=&#8220;202477&#8243;]Wissenstransfer mit Fokus auf Kompaktheit und Nutzen[/vc_custom_heading][vc_column_text uncode_shortcode_id=&#8220;346276&#8243;]Kompaktheit, Effizienz und hohe fachliche Relevanz sind die zentralen Merkmale dieses neuen messebegleitenden Formats. Die Control Expert Days 2026 finden von 20. bis 21. Mai 2026 jeweils von 09.00 Uhr bis 17.00 Uhr statt. Veranstaltungsort ist die Halle 9 des Stuttgarter Messegeländes am Eingang West. Teilnehmer und Fachbesucher profitieren von der einfach erreichbaren Lage am Flughafen Stuttgart, unmittelbar an der Autobahn und perfekt angebunden an den öffentlichen Nahverkehr. [/vc_column_text][vc_custom_heading text_size=&#8220;h4&#8243; uncode_shortcode_id=&#8220;144601&#8243;]Bleiben Sie informiert![/vc_custom_heading][vc_column_text uncode_shortcode_id=&#8220;153029&#8243;]<strong>Zur Webseite: </strong><a href="https://www.control-messe.de/control-expertdays/">Control-Expert Days</a><br />
<strong>Fachinformationen zu Messe und Branche: </strong><a href="https://www.control-messe.de/control-expertdays/news-stories/">control-messe.de/control-expertdays/news-stories</a><br />
<strong>Melden Sie sich an zum Newsletter: </strong><a href="https://www.control-messe.de/control-expertdays/#newsletter">control-messe.de/control-expertdays/#newsletter</a><br />
<strong>Folgen Sie uns auf Linkedin: </strong><a href="https://www.linkedin.com/showcase/control-expertdays " target="_blank" rel="noopener">linkedin.com/showcase/control-expertdays </a>[/vc_column_text][vc_custom_heading text_size=&#8220;h4&#8243; uncode_shortcode_id=&#8220;146717&#8243;]<em>64 Jahre Messen für Märkte – Das Erfolgsrezept der Schall-Messen</em>[/vc_custom_heading][vc_column_text uncode_shortcode_id=&#8220;211691&#8243;]<em>Mit den international anerkannten Fachmessen für Qualitätssicherung (Control), optische Technologien, Komponenten und Systeme (Optatec), Stanztechnik (Stanztec), Produktions- und Montageautomatisierung (Motek), Klebtechnologie (Bondexpo), Kunststoffverarbeitung (Fakuma) sowie Blechbearbeitung (Blechexpo) und Fügetechnologie (Schweisstec) hat Schall erfolgreiche Business-Plattformen entwickelt. Daraus entstanden in verschiedenen Branchen ganz neue Märkte, deren Protagonisten sich durch eine hohe Innovationskraft, umfassende Systemkompetenz und praxisgerechte Anwendungslösungen auszeichnen.</em>[/vc_column_text][/vc_column][/vc_row]</p>
</div>

<p>Die QS-Expertencommunity freut sich auf die Control Expert Days vom 20. bis 21.05.2026 in Stuttgart. Die neu ins Leben gerufene Fachveranstaltung begleitet und ergänzt die Control, internationale Fachmesse für Qualitätssicherung, die im Zweijahresturnus 2027 wieder stattfinden wird. Die Control Expert Days punkten mit Fachreferaten, Impulsvorträgen, Podiumsdiskussionen und einem abwechslungsreichen Networking. In diesem Jahr stehen die beiden Themen Nachhaltigkeit und KI im Mittelpunkt. </p>
